{"id":97,"date":"2020-06-17T07:58:59","date_gmt":"2020-06-17T07:58:59","guid":{"rendered":"https:\/\/herz-elektrotechnik.com\/?page_id=97"},"modified":"2025-09-10T11:21:15","modified_gmt":"2025-09-10T11:21:15","slug":"impressum","status":"publish","type":"page","link":"https:\/\/herz-elektrotechnik.com\/?page_id=97","title":{"rendered":"Impressum"},"content":{"rendered":"<p>[et_pb_section fb_built=&#8220;1&#8243; admin_label=&#8220;Services&#8220; module_id=&#8220;Leistungen&#8220; _builder_version=&#8220;4.16&#8243; background_color=&#8220;#e5e5e5&#8243; custom_padding=&#8220;61px||0px|||&#8220; global_colors_info=&#8220;{}&#8220;][et_pb_row _builder_version=&#8220;4.16&#8243; global_colors_info=&#8220;{}&#8220;][et_pb_column type=&#8220;4_4&#8243; _builder_version=&#8220;4.16&#8243; custom_padding=&#8220;|||&#8220; global_colors_info=&#8220;{}&#8220; custom_padding__hover=&#8220;|||&#8220;][et_pb_text _builder_version=&#8220;4.16&#8243; header_font=&#8220;Khand|700|on|on|||||&#8220; header_text_align=&#8220;left&#8220; header_font_size=&#8220;3vw&#8220; transform_skew=&#8220;-6deg|0deg&#8220; transform_skew_linked=&#8220;off&#8220; custom_margin=&#8220;||0px|||&#8220; animation_style=&#8220;slide&#8220; animation_direction=&#8220;bottom&#8220; header_font_size_tablet=&#8220;68px&#8220; header_font_size_phone=&#8220;40px&#8220; header_font_size_last_edited=&#8220;on|desktop&#8220; global_colors_info=&#8220;{}&#8220;]<\/p>\n<h1 style=\"text-align: center;\">impressum<\/h1>\n<p>[\/et_pb_text][\/et_pb_column][\/et_pb_row][\/et_pb_section][et_pb_section fb_built=&#8220;1&#8243; admin_label=&#8220;Services&#8220; _builder_version=&#8220;4.16&#8243; background_color=&#8220;#e5e5e5&#8243; custom_padding=&#8220;0px||257px|||&#8220; global_colors_info=&#8220;{}&#8220;][et_pb_row _builder_version=&#8220;4.16&#8243; global_colors_info=&#8220;{}&#8220;][et_pb_column type=&#8220;4_4&#8243; _builder_version=&#8220;4.16&#8243; global_colors_info=&#8220;{}&#8220;][et_pb_text _builder_version=&#8220;4.16&#8243; global_colors_info=&#8220;{}&#8220;]<\/p>\n<p>sind nicht bereit oderHerz Elektrotechnik<br \/>G\u00fcnter Herz<br \/>Br\u00fcckenstra\u00dfe 3<br \/>97483 Eltmann<\/p>\n<p>Telefon: 09522\/3012685<br \/>Fax: 09522\/3012705<br \/>E-Mail: info@herz-elektrotechnik.com<\/p>\n<p>Rechtsform: Einzelunternehmen<br \/>Inhaber: G\u00fcnter Herz<br \/>Zust\u00e4ndige Handwerkskammer: Unterfranken<\/p>\n<p>Umsatzsteuer-ID-Nummer: DE276447257<\/p>\n<p>&nbsp;<\/p>\n<p>Streitschlichtung gem\u00e4\u00df \u00a7 36 und \u00a7 37 VSBG<\/p>\n<p>Wir sind nicht bereit oder verpflichtet an einem Streitbeilegungsverfahren vor einer Verbraucherschlichtungsstelle teilzunehmen.<\/p>\n<p>Haftungsausschluss<br \/>Haftung f\u00fcr Inhalte<\/p>\n<p>Die Inhalte unserer Internetseiten wurden mit gr\u00f6\u00dfter Sorgfalt erstellt. F\u00fcr die Richtigkeit, Vollst\u00e4ndigkeit und Aktualit\u00e4t der Inhalte k\u00f6nnen wir jedoch keine Gew\u00e4hr \u00fcbernehmen. Als Diensteanbieter sind wir gem\u00e4\u00df \u00a7 7 Abs. 1 Telemediengesetz (TMG) f\u00fcr eigene Inhalte auf diesen Seiten nach den allgemeinen Gesetzen verantwortlich. Nach \u00a7\u00a7 8 bis 10 TMG sind wir als Diensteanbieter jedoch nicht verpflichtet, \u00fcbermittelte oder gespeicherte fremde Informationen zu \u00fcberwachen oder nach Umst\u00e4nden zu forschen, die auf eine rechtswidrige T\u00e4tigkeit hinweisen. Verpflichtungen zur Entfernung oder Sperrung der Nutzung von Informationen nach den allgemeinen Gesetzen bleiben hiervon unber\u00fchrt. Eine diesbez\u00fcgliche Haftung ist jedoch erst ab dem Zeitpunkt der Kenntnis einer konkreten Rechtsverletzung m\u00f6glich. Bei Bekanntwerden von entsprechenden Rechtsverletzungen werden wir solche Inhalte umgehend entfernen.<\/p>\n<p>Haftung f\u00fcr Links<\/p>\n<p>Unser Angebot enth\u00e4lt Links zu Webseiten Dritter, auf deren Inhalte wir keinen Einfluss haben. Deshalb k\u00f6nnen wir f\u00fcr solche fremden Inhalte auch keine Gew\u00e4hr \u00fcbernehmen. F\u00fcr die Inhalte der verlinkten Seiten ist stets der jeweilige Anbieter oder Betreiber der Seiten verantwortlich. Die verlinkten Seiten wurden zum Zeitpunkt der Verlinkung auf m\u00f6gliche Rechtsverst\u00f6\u00dfe \u00fcberpr\u00fcft. Rechtswidrige Inhalte waren zum Zeitpunkt der Verlinkung nicht erkennbar. Eine permanente inhaltliche Kontrolle der verlinkten Seiten ist jedoch ohne konkrete Anhaltspunkte einer Rechtsverletzung nicht zumutbar. Bei Bekanntwerden von Rechtsverletzungen werden wir betreffende Links umgehend entfernen.<\/p>\n<p>Urheber und andere Schutzrechte<br \/>Die Inhalte der Website dieser Internetseite unterliegen &#8211; sofern nicht anders gekennzeichnet &#8211; dem Urheberrecht und d\u00fcrfen nicht ohne vorherige schriftliche Zustimmung der Herz Elektrotechnik weder als Ganzes noch in Teilen verbreitet, ver\u00e4ndert oder kopiert werden. Die auf dieser Website eingebundenen Bilder d\u00fcrfen nicht ohne vorherige schriftliche Zustimmung der Herz Elektrotechnik verwendet werden. Die auf dieser Websites enthaltenen Bilder unterliegen teilweise dem Urheberrecht Dritter.<\/p>\n<p>&nbsp;<\/p>\n<p>[\/et_pb_text][\/et_pb_column][\/et_pb_row][\/et_pb_section][et_pb_section fb_built=&#8220;1&#8243; admin_label=&#8220;Footer&#8220; _builder_version=&#8220;4.16&#8243; background_color=&#8220;#e5e5e5&#8243; background_image=&#8220;http:\/\/herz-elektrotechnik.com\/wp-content\/uploads\/2020\/05\/mechanic-67.png&#8220; background_position=&#8220;bottom_center&#8220; custom_padding=&#8220;8vw||8vw||true|&#8220; locked=&#8220;off&#8220; global_colors_info=&#8220;{}&#8220;][et_pb_row use_custom_gutter=&#8220;on&#8220; gutter_width=&#8220;1&#8243; make_equal=&#8220;on&#8220; padding_top_bottom_link_1=&#8220;true&#8220; padding_top_bottom_link_2=&#8220;true&#8220; padding_top_bottom_link_3=&#8220;true&#8220; padding_left_right_link_1=&#8220;true&#8220; padding_left_right_link_2=&#8220;true&#8220; padding_left_right_link_3=&#8220;true&#8220; _builder_version=&#8220;4.16&#8243; max_width=&#8220;1360px&#8220; custom_padding=&#8220;0|0px|0px|0px|false|false&#8220; box_shadow_style=&#8220;preset2&#8243; box_shadow_vertical=&#8220;28px&#8220; box_shadow_blur=&#8220;40px&#8220; box_shadow_color=&#8220;rgba(0,0,0,0.1)&#8220; global_colors_info=&#8220;{}&#8220;][et_pb_column type=&#8220;4_4&#8243; _builder_version=&#8220;4.16&#8243; background_color=&#8220;#c20016&#8243; custom_padding=&#8220;100px|40px|100px|40px&#8220; custom_padding_tablet=&#8220;50px||50px||true&#8220; custom_padding_phone=&#8220;&#8220; custom_padding_last_edited=&#8220;on|desktop&#8220; animation_style=&#8220;slide&#8220; animation_direction=&#8220;left&#8220; global_colors_info=&#8220;{}&#8220; custom_padding__hover=&#8220;|||&#8220;][et_pb_text _builder_version=&#8220;4.16&#8243; text_font=&#8220;|600|||||||&#8220; text_line_height=&#8220;2em&#8220; header_font=&#8220;||||||||&#8220; header_4_font=&#8220;Khand|700||on|||||&#8220; header_4_font_size=&#8220;35px&#8220; header_4_line_height=&#8220;1.2em&#8220; background_layout=&#8220;dark&#8220; width=&#8220;71%&#8220; header_4_font_size_tablet=&#8220;30px&#8220; header_4_font_size_phone=&#8220;25px&#8220; header_4_font_size_last_edited=&#8220;on|phone&#8220; locked=&#8220;off&#8220; global_colors_info=&#8220;{}&#8220;]<\/p>\n<h4>Kontakt<\/h4>\n<p>Nehmen Sie Kontakt auf und rufen Sie uns an unter 09522 3012685 oder senden\u00a0 Sie uns eine E-Mail<\/p>\n<p>[\/et_pb_text][et_pb_button button_url=&#8220;mailto:info@herz-elektrotechnik.com&#8220; button_text=&#8220;E-Mail&#8220; button_alignment=&#8220;left&#8220; _builder_version=&#8220;4.16&#8243; custom_button=&#8220;on&#8220; button_text_size=&#8220;14px&#8220; button_text_color=&#8220;#ffffff&#8220; button_bg_color=&#8220;rgba(255,255,255,0)&#8220; button_border_width=&#8220;2px&#8220; button_border_color=&#8220;#ffffff&#8220; button_border_radius=&#8220;0px&#8220; button_letter_spacing=&#8220;3px&#8220; button_font=&#8220;|700||on|||||&#8220; button_icon=&#8220;&#x45;||divi||400&#8243; button_on_hover=&#8220;off&#8220; transform_skew=&#8220;-20deg|0deg&#8220; transform_skew_linked=&#8220;off&#8220; custom_margin=&#8220;60px||&#8220; custom_padding=&#8220;12px|40px|12px|24px|true|false&#8220; locked=&#8220;off&#8220; global_colors_info=&#8220;{}&#8220; button_border_color__hover=&#8220;rgba(0,0,0,0)&#8220; button_border_color__hover_enabled=&#8220;on&#8220;][\/et_pb_button][\/et_pb_column][\/et_pb_row][\/et_pb_section]<\/p>\n","protected":false},"excerpt":{"rendered":"<p>impressumsind nicht bereit oderHerz ElektrotechnikG\u00fcnter HerzBr\u00fcckenstra\u00dfe 397483 Eltmann Telefon: 09522\/3012685Fax: 09522\/3012705E-Mail: info@herz-elektrotechnik.com Rechtsform: EinzelunternehmenInhaber: G\u00fcnter HerzZust\u00e4ndige Handwerkskammer: Unterfranken Umsatzsteuer-ID-Nummer: DE276447257 &nbsp; Streitschlichtung gem\u00e4\u00df \u00a7 36 und \u00a7 37 VSBG Wir sind nicht bereit oder verpflichtet an einem Streitbeilegungsverfahren vor einer Verbraucherschlichtungsstelle teilzunehmen. HaftungsausschlussHaftung f\u00fcr Inhalte Die Inhalte unserer Internetseiten wurden mit gr\u00f6\u00dfter Sorgfalt erstellt. F\u00fcr [&hellip;]<\/p>\n","protected":false},"author":1,"featured_media":0,"parent":0,"menu_order":0,"comment_status":"closed","ping_status":"closed","template":"","meta":{"_et_pb_use_builder":"on","_et_pb_old_content":"","_et_gb_content_width":""},"_links":{"self":[{"href":"https:\/\/herz-elektrotechnik.com\/index.php?rest_route=\/wp\/v2\/pages\/97"}],"collection":[{"href":"https:\/\/herz-elektrotechnik.com\/index.php?rest_route=\/wp\/v2\/pages"}],"about":[{"href":"https:\/\/herz-elektrotechnik.com\/index.php?rest_route=\/wp\/v2\/types\/page"}],"author":[{"embeddable":true,"href":"https:\/\/herz-elektrotechnik.com\/index.php?rest_route=\/wp\/v2\/users\/1"}],"replies":[{"embeddable":true,"href":"https:\/\/herz-elektrotechnik.com\/index.php?rest_route=%2Fwp%2Fv2%2Fcomments&post=97"}],"version-history":[{"count":6,"href":"https:\/\/herz-elektrotechnik.com\/index.php?rest_route=\/wp\/v2\/pages\/97\/revisions"}],"predecessor-version":[{"id":365,"href":"https:\/\/herz-elektrotechnik.com\/index.php?rest_route=\/wp\/v2\/pages\/97\/revisions\/365"}],"wp:attachment":[{"href":"https:\/\/herz-elektrotechnik.com\/index.php?rest_route=%2Fwp%2Fv2%2Fmedia&parent=97"}],"curies":[{"name":"wp","href":"https:\/\/api.w.org\/{rel}","templated":true}]}}